?
1334102
In base 9, what is 16617 + -2?
16615
In base 11, what is 202a46 + 5?
202a50
In base 15, what is a + -1c47?
-1c3c
In base 5, what is -203 - 122313?
-123021
In base 12, what is 54 + 486?
51a
In base 10, what is 63 - 91?
-28
In base 2, what is 111 - -111000100000?
111000100111
In base 12, what is -4 - 55b4?
-55b8
In base 8, what is -2 - -1533340?
1533336
In base 2, what is 1101000111000101 - -100?
1101000111001001
In base 3, what is 1210 - 10022?
-1112
In base 13, what is 1 - 1987?
-1986
In base 5, what is -3242132 + 2?
-3242130
In base 2, what is -1000 - -1110100011010?
1110100010010
In base 10, what is 5 + -278343?
-278338
In base 10, what is -90 - -309?
219
In base 9, what is -206 - -611?
404
In base 5, what is -4224 - -20?
-4204
In base 8, what is 3 + 27036?
27041
In base 10, what is -4 - 12798?
-12802
In base 4, what is 122013 - 330?
121023
In base 12, what is -17 + -546?
-561
In base 9, what is 6 - -23078?
23085
In base 2, what is -11111100010 - 100110111?
-100100011001
In base 14, what is -22 + -a8?
-ca
In base 7, what is -115 + -121336?
-121454
In base 8, what is 7212 + -63?
7127
In base 11, what is 5 + 335?
33a
In base 10, what is 4169 + -342?
3827
In base 6, what is -553 - -1235?
242
In base 7, what is 3126555 - 13?
3126542
In base 13, what is 238c + 6?
2395
In base 12, what is -18a682 + 6?
-18a678
In base 10, what is 87435 - 5?
87430
In base 6, what is 0 + 334134?
334134
In base 15, what is 6017 + 37?
604e
In base 14, what is -2 - 752d8?
-752da
In base 10, what is 1557 + 1883?
3440
In base 9, what is 3303 + 2?
3305
In base 12, what is -28b6 - 74?
-296a
In base 8, what is 65 - 104000?
-103713
In base 3, what is 110000 - -11100?
121100
In base 15, what is 11bb1 - -1?
11bb2
In base 3, what is 1201212 + -12212?
1112000
In base 10, what is 73174 - 1?
73173
In base 12, what is -1 - 184240?
-184241
In base 14, what is -7a + -30?
-aa
In base 8, what is -20 + -53651?
-53671
In base 3, what is -10 - 2012120102?
-2012120112
In base 7, what is 131 + 101?
232
In base 7, what is -4 + -16451?
-16455
In base 10, what is 175 + -1234?
-1059
In base 9, what is 1178 - -78?
1267
In base 3, what is -2121221 - 22?
-2122020
In base 8, what is -17123 - -265?
-16636
In base 12, what is 5 - -958?
961
In base 5, what is 3 - -2000321?
2000324
In base 9, what is 7 + 1852?
1860
In base 15, what is 4 + -126188?
-126184
In base 3, what is -1100 + -110101111?
-110102211
In base 4, what is 11121322 - 11?
11121311
In base 14, what is -7387a - -2?
-73878
In base 11, what is 9879 + 2?
9880
In base 14, what is 3 + 75559?
7555c
In base 10, what is -1 + 1576275?
1576274
In base 5, what is 24114 + -33311?
-4142
In base 14, what is 26 - -36258?
36280
In base 16, what is 6656b - -5?
66570
In base 9, what is 5 + -56741?
-56735
In base 13, what is -46b1b + 2?
-46b19
In base 3, what is 11000022 + -12101?
10210221
In base 12, what is 2432 + 14?
2446
In base 15, what is -36d - 2e?
-39c
In base 7, what is -16 + -1055?
-1104
In base 7, what is 0 + -404400?
-404400
In base 12, what is b - 2b8a?
-2b7b
In base 11, what is -1525 - 74?
-1599
In base 2, what is 11000100 + -10000011111?
-1101011011
In base 16, what is 3 - 42a2f?
-42a2c
In base 6, what is 11015025 + 3?
11015032
In base 4, what is -113022030 - 10?
-113022100
In base 11, what is -671 + -1412?
-1a83
In base 7, what is 212643 - -1?
212644
In base 5, what is 13121203 - -1?
13121204
In base 16, what is -566e - 61?
-56cf
In base 14, what is -4b + 96ad?
9662
In base 12, what is -1 - -93837?
93836
In base 12, what is -1656 - -90?
-1586
In base 7, what is 220 + 4040?
4260
In base 2, what is 1000111111111 + 101?
1001000000100
In base 13, what is -15 + -c831?
-c846
In base 6, what is -114342 + 2?
-114340
In base 12, what is -41 - -8a97?
8a56
In base 8, what is 271 - 153?
116
In base 13, what is 2 + 111c82?
111c84
In base 14, what is 16b119 - -1?
16b11a
In base 6, what is 111034414 + -3?
111034411
In base 6, what is -1341 - -120?
-1221
In base 3, what is -2201 + 1012011?
1002110
In base 12, what is -615 + 13?
-602
In base 13, what is -49b4 + 7?
-49aa
In base 12, what is -679b - -63?
-6738
In base 12, what is 2033 - -88?
20bb
In base 3, what is 12 + 11111212?
11112001
In base 12, what is 4 + -149668?
-149664
In base 10, what is -11085 - -11?
-11074
In base 3, what is -1111022 - -111?
-1110211
In base 8, what is -166272 - -4?
-166266
In base 14, what is 4a0 + -126?
378
In base 10, what is 1958 - -3?
1961
In base 7, what is 20122 - -12?
20134
In base 7, what is 366412 - 23?
366356
In base 6, what is -5034531 - 0?
-5034531
In base 11, what is 15a48 - -4?
15a51
In base 8, what is -1314 - -16?
-1276
In base 8, what is 204 - -1501?
1705
In base 5, what is 300002342 + 4?
300002401
In base 4, what is -2030 + 12003?
3313
In base 8, what is -25053 - 23?
-25076
In base 9, what is 50740 + -4?
50735
In base 15, what is 7bd21 + 0?
7bd21
In base 12, what is 1 + 184968?
184969
In base 13, what is -109b - 14b?
-1219
In base 14, what is 15 + 112?
127
In base 12, what is 1 + -5b1a?
-5b19
In base 9, what is 0 + 243426?
243426
In base 13, what is -90a - -998?
8b
In base 4, what is 120300011 + -23?
120233322
In base 6, what is -10105043 + -3?
-10105050
In base 12, what is -15 - 15008?
-15021
In base 13, what is 0 - -6130?
6130
In base 10, what is 2 + -50550?
-50548
In base 9, what is -2 - 48652?
-48654
In base 7, what is 603 - 422?
151
In base 16, what is a2 + -472?
-3d0
In base 7, what is 125 - 121?
4
In base 9, what is -7180 - -8?
-7171
In base 16, what is a5 + 17ac?
1851
In base 15, what is 1207d - 5?
12078
In base 2, what is 1010011100 + -100011001000?
-11000101100
In base 6, what is -3425 - 511?
-4340
In base 13, what is 55 - -b75?
bca
In base 15, what is -28 + -98?
-c1
In base 8, what is -6 + 124461?
124453
In base 8, what is 5 + 16526?
16533
In base 4, what is 202 - 12210130?
-12203322
In base 4, what is 11 + 20203?
20220
In base 11, what is -3 - 1474?
-1477
In base 9, what is -22037 + 11?
-22026
In base 3, what is 2111111 - -21?
2111202
In base 11, what is -209 + -220?
-429
In base 3, what is -1022221101 - -102?
-1022220222
In base 16, what is b + ace?
ad9
In base 10, what is 0 + -214470?
-214470
In base 13, what is -1a - 857b?
-8598
In base 2, what is -11000011101000 - 10?
-11000011101010
In base 15, what is -1917 + -31?
-1948
In base 5, what is 2 - -42243440?
42243442
In base 11, what is 1617 - -15?
1631
In base 15, what is -1a - 5a2?
-5bc
In base 13, what is 71a6 - 5?
71a1
In base 5, what is 114 + -3340?
-3221
In base 8, what is 107161 + 341?
107522
In base 5, what is 2 + -13431442?
-13431440
In base 5, what is 12242 - -120303?
133100
In base 14, what is -5 - 229cb4?
-229cb9
In base 10, what is 556 + -1708?
-1152
In base 8, what is 12014646 - 3?
12014643
In base 3, what is 12110100122 - -10?
12110100202
In base 7, what is 20420 + 0?
20420
In base 14, what is b - 1108?
-10db
In base 16, what is 3c7e4 - a?
3c7da
In base 4, what is 11 + 31132233?
31132310
In base 14, what is 767b5 + 3?
767b8
In base 3, what is -111 + 2022220?
2022102
In base 16, what is -21b24 - -2?
-21b22
In base 12, what is 253 + 11b?
372
In base 11, what is -9 + -1a42a5?
-1a4303
In base 8, what is -20 - -357770?
357750
In base 6, what is 1102 + 2154?
3300
In base 16, what is -14a + -5?
-14f
In base 2, what is 100111011 - 1010001?
11101010
In base 12, what is 283372 - -4?
283376
In base 9, what is -1123 + 88?
-1024
In base 7, what is -1 + -31646?
-31650
In base 14, what is 63 + -3b9?
-356
In base 14, what is -302 - -144?
-19c
In base 14, what is a32 - 2?
a30
In base 3, what is -1122210001 - 101?
-1122210102
In base 8, what is 67607 + -1?
67606
In base 5, what is 2 + -1114?
-1112
In base 14, what is -14 + 2316?
2302
In base 12, what is 1227 + 3a?
1265
In base 4, what is 12 - -330322130?
330322202
In base 4, what is -11032 - 220132?
-231230
In base 14, what is 8 - -13ca?
13d4
In base 12, what is -4 + -12813?
-12817
In base 7, what is 5 + 220?
225
In base 14, what is -19 + -1c6?
-201
In base 10, what is 3 + -1359276?
-1359273
In base 13, what is a - 2749?
-273c
In base 2, what is 100101110100111 - -10001011?
100110000110010
In base 7, what is 524316 - 116?
524200
In base 13, what is -374961 - 1?
-374962
In base 11, what is 17 + -4a7?
-490
In base 16, what is -9 - -636c?
636